 2*i + 3*i = 20. Suppose i*o + 5*n + 7 = -14, -2*o + n - 21 = 0. What is the units digit of (-6)/o + (-64)/(-12)?
6
Suppose -5*l = 5*u - 70, -22 = -4*l - 2. Let f be 30/u*6/5. Let b = f - -2. What is the units digit of b?
6
Let w = 9 + -4. Suppose d - 51 = -4*z, -w*z = -4*d - 84 + 372. What is the tens digit of d?
6
Suppose -4*b + 545 + 1699 = 2*s, -b + 572 = -5*s. What is the units digit of b?
2
Suppose -11*s - 5*r - 30 = -16*s, 0 = -5*r - 15. Suppose -2*x - 4 + 10 = 0. Suppose -s*n = -2*g - 35, 2*n + n + x*g - 15 = 0. What is the units digit of n?
9
Suppose 6*g = 7 + 23. Suppose -g*t = -104 + 29. Suppose -4*z + 1 = -t, -z + 112 = 3*n. What is the units digit of n?
6
Let p = 8942 + -3534. What is the thousands digit of p?
5
Let r(n) = -n + 1. Let l be r(2). Let b(w) = 2*w**2 + w + 1. What is the units digit of b(l)?
2
Let v(k) = -k**3 + 13*k**2 + 9*k + 22. What is the units digit of v(12)?
4
What is the thousands digit of 8001/4 - 201/(-268)?
2
Let b be (-20)/(-35)*7/1. Suppose 3*f - 9 = -h + 7*f, -4*h = b*f - 76. What is the tens digit of h?
1
Suppose -4*l = -5*k - 5876, -l = 2*l + 3*k - 4434. What is the hundreds digit of l?
4
Suppose 0 = -s - s + 6. Suppose 2*u = s*u. Suppose -5*r + 0*x = 3*x - 30, 4*x = u. What is the units digit of r?
6
Let s(r) = 4*r**3 - 10*r**2 + 9*r - 16. Let b(g) = -3*g**3 + 10*g**2 - 9*g + 15. Let u(i) = 3*b(i) + 2*s(i). What is the tens digit of u(9)?
1
Suppose 0 = 9*u + 505 - 3844. What is the units digit of u?
1
Suppose 7 = 3*r - 14. Suppose -r + 5 = -2*w. What is the units digit of w?
1
Suppose 1244 = 10*n - 3126. What is the tens digit of n?
3
Let u = 4866 + -2859. What is the thousands digit of u?
2
Let q = 15344 + -10502. What is the tens digit of q?
4
Let y be (0 - 1)*(0 - 0). Suppose 470 = -y*o + 5*o. Suppose 3*i = 5*i - o. What is the tens digit of i?
4
Let h(n) = -21 - 3*n**3 - 2*n**2 - 2*n + 2*n**3 + 20. Let r be h(-2). Suppose r*b + 33 = 2*t, 5*t - 96 = -b + 4*b. What is the units digit of t?
1
Let o = -3 + 8. Suppose n + o*a - 36 = 0, -2 = 5*a - 22. What is the units digit of n?
6
Let a(y) = 239 - 4*y + 0*y + 14*y - 5*y. What is the tens digit of a(0)?
3
Let i(r) = -17*r + 9. Let c be i(-10). Let s = c + -128. What is the units digit of s?
1
Let f = -12 - -15. Suppose s - 5*x = -0*x + 27, f*s - 37 = 4*x. Suppose 0*b - 3*b = o - s, -5*b = 4*o - 42. What is the tens digit of o?
1
Let k(j) be the third derivative of j**6/120 - 7*j**5/30 + 17*j**4/24 - j**3/2 - 9*j**2. Let d be k(12). Let u = 125 + d. What is the units digit of u?
8
Let a(w) = w. Let t be a(-6). Let f be (-6 - t)*(-1)/2. Suppose 4*k = -k + i + 121, -3*k - 2*i + 83 = f. What is the tens digit of k?
2
Let k(v) = v**2 + 11*v - 7. Let b be k(-13). Let x(p) = p**2 - 12*p + 8. What is the tens digit of x(b)?
4
Suppose -3*b + 5*u - 4*u + 770 = 0, -5*u + 1014 = 4*b. What is the units digit of b?
6
Suppose l = -2*b - 1, 2*l + b - 1 = -0*b. Let d(i) = -5*i + 3*i - 2 - l. What is the units digit of d(-4)?
5
Suppose 7*u - 18 = -2*u. Suppose 0 = u*y - 10, -h + 4*y = h - 42. What is the units digit of h?
1
Let p(u) = -u**2 + 6*u - 9. Let s be p(6). Suppose -4*c = -0*n + n - 14, 3*c = n. What is the tens digit of 102/s*n/(-4)?
1
Suppose 0*f = 3*f + 27. Let c = f + 20. What is the tens digit of c?
1
Let u(l) = -l**2 + 9*l + 9. Let b be u(-4). Let k = 2 - b. What is the tens digit of k?
4
Suppose -b = -5*y + 822, 246 + 568 = 5*y + 3*b. What is the units digit of y?
4
Let b = 9 - 6. Suppose -5*u + 6 = c - 5, -b*c = -4*u + 24. Suppose -u*a + 5*r = -0*a - 70, -5*a + 170 = 5*r. What is the tens digit of a?
3
Suppose 2*a - 1120 + 204 = 0. What is the tens digit of a?
5
Suppose -a - 5*w + 1 = -2*a, 4 = -4*w. What is the units digit of a/14 + (-2177)/(-49)?
4
What is the tens digit of 5 + (-3 + (-361)/(-2))*4?
1
Suppose -4*k = 2 + 6. Let y be 2 - (k - -2)/2. Suppose 4*a - 12 = 3*v + v, a - y*v + 2 = 0. What is the units digit of a?
8
Let w be (-4)/14*7*-1. Suppose -u + 4 = -w. What is the units digit of (-40)/30*-3*u?
4
Let n be (-6 + 2 - -3)*7. Let q = n - -2. Let a = q - -13. What is the units digit of a?
8
Suppose 0 = h - 212 - 149. Let w = h - 192. What is the tens digit of w?
6
Suppose -13*g + 147 = -1257. Let w = 159 - g. What is the tens digit of w?
5
What is the units digit of 4/(-10) - (2 - (-9252)/(-30))?
6
Let g = -3250 + 5430. What is the units digit of g?
0
Let b(y) = -6*y**3 + 4*y + 4. Let x be b(-2). Suppose 0*s + p - 22 = -3*s, 4*s = -5*p + x. Let j(v) = v**2 - 2*v - 11. What is the tens digit of j(s)?
1
Let b = 2956 - 1836. What is the tens digit of b?
2
Let c be (4/10)/((-10)/250). What is the units digit of (0 - 54)*((-45)/c)/(-3)?
1
Suppose 5*c + 0*w - 5*w = 15, 2*c - 4*w = 16. What is the tens digit of -3 + 4 + -3 - (c - 52)?
5
Let q(z) = 1089*z**2 + z - 2. What is the units digit of q(1)?
8
Let h(c) = c**2 - 4*c + 5. Let r be h(4). Suppose 4*x - 3*q - 518 = 0, 4*x + 126 = r*x + q. What is the units digit of x?
8
Let o(c) be the third derivative of 5/3*c**3 - 3*c**2 + 0 + 1/60*c**5 - 3/8*c**4 + 0*c. What is the units digit of o(9)?
0
Let s = 389 - 236. What is the tens digit of s?
5
Suppose 0 = -x - x - 134. What is the units digit of (-4 - x - 2)/1?
1
Let q(h) = -h**2 - 41*h - 14. What is the hundreds digit of q(-34)?
2
Suppose 4*h + 17 - 4 = -a, a - 4*h - 27 = 0. Suppose 3*r = 4*q - 13, 5*q - 2*r + a*r + 10 = 0. Let k(p) = 8*p**3 - 2*p + 1. What is the units digit of k(q)?
7
Suppose 29 - 9 = 4*y. Suppose u - y = -0*u, 4*r - 4*u - 692 = 0. What is the hundreds digit of r?
1
What is the hundreds digit of (2 + -16)*97*7/(-14)?
6
Let t = -618 - -714. What is the units digit of t?
6
Suppose 53*n = 45789 + 87824. What is the tens digit of n?
2
Let j = -51 + 51. Suppose w + j = 114. What is the tens digit of w?
1
What is the tens digit of 1115/((-3)/6 - -3)?
4
Let g(d) = 7*d + 160. What is the hundreds digit of g(0)?
1
What is the tens digit of ((-8)/(-32))/(5/(-237700)*-5)?
7
Suppose -34*y + 53*y - 23693 = 0. What is the units digit of y?
7
Let l = 284 - -307. What is the tens digit of l?
9
Let b be 112/(-24)*3/(-2). Suppose 12 = k - b. Suppose -15 = -2*y + k. What is the units digit of y?
7
Suppose -4*c = -5*l - 6, -5*c = 3*l + 20 - 9. Let d = -17 + c. What is the units digit of (-68)/d + 2/9?
4
Let d be -58 - 0/1 - 3. Let w = d - -121. Suppose -4*n = -2*t - 120, -2*n - 2*t + w = 2*t. What is the units digit of n?
0
Let t = -1916 + 1352. What is the tens digit of (t/9)/((-2)/3)?
9
Let v = -462 + 743. What is the hundreds digit of v?
2
Let l = 477 - -245. What is the tens digit of l?
2
Let l(z) = z**2 - 12*z + 5. Let y(o) = -4*o**2 + 49*o - 19. Let v(b) = 9*l(b) + 2*y(b). What is the units digit of v(-5)?
2
Let h be 3 + (-1)/1 - -2. Suppose -6*m + 16 = -m - 2*a, -18 = -3*m + 4*a. Suppose 0*t - m*i + 9 = 5*t, -h*t - 3 = 5*i. What is the units digit of t?
3
Let o(h) = 4*h**3 - 3*h**2 - 2*h + 4. Suppose 0 = 4*z - 14 + 6. What is the units digit of o(z)?
0
Let g(s) = 8 - 26*s**3 - 25*s**3 + 3*s + 52*s**3 - 5*s**2. What is the units digit of g(6)?
2
Let g be 132/((-20)/(1 + 9)). Let s(q) = -q**3 + 3*q**2 - 5*q + 1. Let l be s(4). Let z = l - g. What is the units digit of z?
1
Suppose 0 = -3*o + 341 + 58. Suppose 0 = -6*a + 59 + o. What is the tens digit of a?
3
Let v = 13 - 10. Let d(y) = 2*y - 4. Let a be d(v). What is the tens digit of (-776)/(-16) + 1/a?
4
Let c = -394 - -552. What is the tens digit of c?
5
Suppose 4*g = 4707 - 79. What is the units digit of g?
7
Let b(w) be the first derivative of w**3/3 + 9*w**2/2 + 6*w + 1. Let m be b(-8). What is the units digit of (-56)/(-6)*(-3)/m?
4
Let o(c) = c**3 - 3*c**2 - 5*c + 6. Let n be o(4). Let a(s) = -s**3 + s**2 + s. Let w be a(n). Let p = 5 + w. What is the units digit of p?
3
Let w(v) = -84*v - 382. What is the units digit of w(-6)?
2
Suppose 5*c - s - 5243 = 0, 4*c - 2779 - 1425 = 4*s. What is the hundreds digit of c?
0
Suppose -5*k = 7 + 3, -16 = -5*g - 2*k. Suppose 0 = b - 3*d - 28, 3*d - g + 1 = 0. Suppose -3*m = -b + 7. What is the units digit of m?
8
Let t(s) = 0*s + 6*s**2 + s**2 - 3*s**2 + 2*s. Suppose 0 = -0*v - 2*v - 4. What is the units digit of t(v)?
2
Suppose 617 = -4*v + 2009. Suppose v = -2*x + 5*x. What is the units digit of x?
6
Let m be (21/6)/((-4)/(-48)). What is the hu